est common divisor of 6 and v.
6
Let z be (54/(-4))/((-3)/4). Suppose -3*n = -6*n + 33. Suppose q - n - 1 = 0. What is the highest common factor of q and z?
6
Let h = -3 - -5. Let x = 16 + h. Let y be ((-68)/12)/((-2)/x). What is the highest common factor of 17 and y?
17
Suppose 4*c - 5*y = 853, 5*c + 3*y - 1025 = y. What is the greatest common divisor of 23 and c?
23
Suppose -14*g = -2*g - 144. What is the highest common divisor of 12 and g?
12
Suppose x = 6*x - 10. Calculate the highest common divisor of 5 and x.
1
Suppose -6*u = -5*u - 108. Suppose 0 = -5*c + 3*c + u. Calculate the highest common factor of 6 and c.
6
Let z be 27/18 - 122/(-4). What is the greatest common divisor of z and 160?
32
Suppose 3*d - 2 = 4. Let w = d - -3. What is the greatest common factor of 40 and w?
5
Let m be (-2)/8 + 27/12. Calculate the greatest common divisor of 14 and m.
2
Suppose -2*k - 28 = -86. Suppose k = 2*u - 3*b, 0*u = u - 2*b - 15. Calculate the highest common factor of 65 and u.
13
Suppose -2*x + 360 = 74. What is the highest common factor of 13 and x?
13
Suppose -33*o - 76 = -37*o. What is the greatest common divisor of o and 57?
19
Let m be 5 - 4 - (-3)/1. Suppose -x + 4*x + 4*o + 18 = 0, -m*o + 42 = -3*x. Let s = 11 + x. Calculate the greatest common factor of s and 2.
1
Suppose -s - 3 = -15. What is the greatest common divisor of s and 8?
4
Suppose -4*z = -5*z - t + 149, -5*t = -3*z + 487. What is the highest common divisor of z and 22?
22
Let o = 10 + -5. Suppose 43 = 4*p + r, 7*p - 3*p - 5*r - 25 = 0. Calculate the highest common factor of o and p.
5
Suppose 2*x - 55 = -3*x. Suppose -t = m + 2*t - x, -m + 5*t = 13. Calculate the greatest common factor of m and 2.
2
Let b = 273 - 105. Calculate the highest common factor of 42 and b.
42
Suppose 0 = -7*i + 4*i + 105. Let h be -2 + (-4 + 3 - -3). Suppose 0 = 2*a + 5*l - 39, -4*l + 48 = 4*a - h*l. Calculate the greatest common divisor of a and i.
7
Let s = -91 - -53. Let x = 122 + s. Let o = 37 - 25. What is the highest common factor of x and o?
12
Suppose n - d = -0*d + 7, 0 = -n + 2*d + 2. Suppose -2 = -2*u + n. What is the highest common factor of 49 and u?
7
Let j = -83 + 104. Let v = 9 - 2. Calculate the highest common factor of j and v.
7
Let a be (-468)/(-20) - 6/(-10). Let w(b) = -35*b + 1. Let k be w(-1). What is the highest common divisor of a and k?
12
Let a = -23 - -37. What is the greatest common divisor of 70 and a?
14
Suppose -5*u = r + 27, -2*r + u + 3 = 2. Let f be (11 - -5)*r/(-4). Calculate the greatest common factor of 8 and f.
8
Let y(v) be the first derivative of -13*v**2 - 7. Let h be y(-3). Let r(j) = j**2 + j - 7. Let g be r(-5). Calculate the greatest common divisor of g and h.
13
Let n be 2/(-9) + (-922)/(-18). Let b be (-459)/(-18)*(-2)/(-3). What is the greatest common factor of n and b?
17
Suppose -3*t = -8*t + 400. What is the highest common factor of 32 and t?
16
Let c = 28 - 13. Suppose 0*x - 3*x + 55 = -5*r, -3*r - 6 = 0. Calculate the highest common divisor of x and c.
15
Let b(l) = 4*l + 34. Let p be b(16). Calculate the highest common factor of p and 14.
14
Suppose 0 = 4*w - p - 71, -3*w + 39 + 3 = -3*p. What is the greatest common factor of w and 95?
19
Let m = 19 + -8. Suppose -5*z + 103 = 4*a, 3*a - 49 = 2*z + 11. What is the greatest common factor of a and m?
11
Let r(t) = 30*t**2 + t - 1. Let h(k) = 2*k + 9. Let v be h(-4). Let z be r(v). What is the greatest common factor of 15 and z?
15
Suppose -2*l + 36 + 36 = 0. What is the highest common divisor of l and 18?
18
Suppose 26 = 5*q - 29. Suppose 23 = y - 10. What is the greatest common factor of y and q?
11
Suppose 14*a + 0*a - 28 = 0. What is the greatest common factor of 8 and a?
2
Let i(o) = -46*o - 2. Let m be i(-2). Let d = -1 + 11. What is the greatest common factor of m and d?
10
Let q(l) = 3*l + 12. Let y be q(-9). Let b be ((-102)/(-15))/((-6)/y). Calculate the highest common divisor of 85 and b.
17
Let h be ((-4)/(-5))/((-4)/(-10)). Suppose -h = -2*p + 14. Calculate the greatest common divisor of p and 64.
8
Let s(g) = -g - 9. Let n be s(-21). Suppose -3 = 3*i - 12. What is the highest common factor of i and n?
3
Let n be (-3)/2*(-1)/(18/624). What is the highest common factor of n and 13?
13
Suppose -3*a = 3*a - 180. What is the greatest common factor of 12 and a?
6
Suppose -f + 33 + 29 = 0. Calculate the highest common divisor of 155 and f.
31
Suppose 0 = 5*y - 0*y - 15. Let d be y/6 - 38/(-4). Calculate the greatest common divisor of d and 15.
5
Suppose -4 = 5*y - 9*y. What is the greatest common factor of 11 and y?
1
Let m(d) = -26*d**2 - 2. Let t be m(-2). Let p = -70 - t. Calculate the greatest common factor of 12 and p.
12
Suppose -53 = -4*y - n, -2*n = -y - 5 + 16. Calculate the highest common factor of 1 and y.
1
Suppose 1 + 1 = j. Suppose -108 + 3 = -2*n - 3*y, j*y = 5*n - 215. What is the highest common divisor of n and 18?
9
Let p be (-12)/3 + 6*(-1 + 6). Calculate the greatest common divisor of 286 and p.
26
Let f = -381 + 597. What is the greatest common divisor of 27 and f?
27
Let b = -34 - -51. Let h = b - 9. Calculate the highest common divisor of h and 20.
4
Let i be ((-22)/(-6))/((-1)/(-3)). Let x = 107 + -74. Calculate the greatest common divisor of x and i.
11
Suppose -2*z = -5*i - 210, i - 2*i + 210 = 2*z. Calculate the greatest common divisor of z and 15.
15
Let j be (0/(-2))/(2/(-2)). Let f be (3/2)/((-1)/(-14)). Suppose j = -n + 98 - f. What is the greatest common divisor of 11 and n?
11
Let n(w) = -w**3 - 6*w**2 - 5*w. Let a be n(-6). Suppose 3*d - 5*l - 11 = 0, 3*d + 22 = 4*d + 2*l. Calculate the greatest common divisor of a and d.
6
Let r(u) = u**3 - 5*u**2 - 2*u - 1. Let w be r(5). Let x be w/(-1) - (-1 - -2). Let a = 13 - 9. Calculate the greatest common factor of x and a.
2
Let y(v) = 2*v**2 + 8*v + 10. Let h be y(7). Calculate the greatest common factor of 41 and h.
41
Let r(t) = 4 - 3*t - 4 + t**2 - 4. Let s be r(8). Suppose s - 10 = 2*p. What is the greatest common factor of 13 and p?
13
Let k(r) = r + 2. Let y be k(3). What is the highest common factor of 45 and y?
5
Suppose 4*l + 2*i - 10 = 0, 5*l + 5 = -5*i + 30. Let g = 1 + l. What is the greatest common divisor of g and 11?
1
Let u = -93 - -153. Calculate the highest common divisor of 10 and u.
10
Suppose m - 4*k = 32 - 2, 5*k = 4*m - 87. What is the greatest common factor of m and 9?
9
Suppose 2*k + 116 = -2*j - 154, -138 = j + 4*k. Let l be (-9)/(-15) + j/(-10). Calculate the greatest common divisor of l and 70.
14
Let j be (-33)/(-11) - (-60 - 0). What is the greatest common factor of j and 7?
7
Let j be ((-16)/(-10))/(6/15). Let m(a) = 5*a**3 - 2*a - 4*a**2 - 4 + 7*a**2 - j*a**3. Let c be m(-3). Calculate the highest common divisor of 4 and c.
2
Suppose d + 5*p + 0*p - 21 = 0, 4*d + p = 103. Let h(t) = t**2 + 7*t + 1. Let m be h(10). Let q = m - 106. What is the highest common factor of d and q?
13
Let q be (-111)/(-15) - (-2)/20*-4. What is the highest common factor of 35 and q?
7
Let j(c) = 3*c**3 - 7*c**2 - 6*c + 19. Let y be j(5). What is the greatest common factor of 21 and y?
21
Let k(c) = -c + 50. Let x be k(0). Let r be (-12)/10*x/(-15). Suppose -5*m + 42 = -r*y, 4*m - y - 32 = 3*y. What is the greatest common divisor of 10 and m?
10
Let l(r) = -r + 7. Let u be 0/((2 - 1) + -2). Suppose u*k = k. Let j be l(k). Calculate the greatest common factor of j and 35.
7
Suppose -4*u - 42 = -5*u. Let c(d) = -2*d + 4. Let h be c(-5). What is the greatest common divisor of u and h?
14
Let j be 1 - (0 - (-4 - -141)). Let h = j + -33. Calculate the highest common factor of h and 21.
21
Let r(d) = d**3 + 7*d**2 + 8*d - 1. Let p be r(-5). Calculate the greatest common divisor of p and 45.
9
Suppose 0 = 4*a - 35 + 3. Let f = 3 + 9. Calculate the greatest common factor of f and a.
4
Let m(c) = c**3 + 5*c**2 + c - 1. Let o be m(-2). Let j be 2*(0 + 2/4). Calculate the greatest common factor of o and j.
1
Let p(t) be the first derivative of t**4/4 - 4*t**3 + 3*t**2 - 17*t + 2. Let y be p(12). What is the greatest common factor of 11 and y?
11
Let n = 1 - 6. Let m(g) = g**3 + 6*g**2 + 2*g - 3. Let d be m(n). Calculate the greatest common factor of 84 and d.
12
Let m(g) = g**2 + g - 6. Let q be m(5). What is th